of 356363.
7, 50909
List the prime factors of 803805.
3, 5, 41, 1307
List the prime factors of 3806.
2, 11, 173
What are the prime factors of 633926?
2, 23, 13781
List the prime factors of 317681.
7, 13, 3491
What are the prime factors of 1672581?
3, 359, 1553
What are the prime factors of 158107?
223, 709
What are the prime factors of 15754144?
2, 7, 53, 1327
List the prime factors of 222616.
2, 27827
List the prime factors of 4780.
2, 5, 239
List the prime factors of 453300.
2, 3, 5, 1511
List the prime factors of 36556172.
2, 211, 43313
List the prime factors of 3372969.
3, 599, 1877
What are the prime factors of 777059?
89, 8731
List the prime factors of 13081502.
2, 7, 934393
List the prime factors of 10101296.
2, 37, 113, 151
List the prime factors of 14281706.
2, 7140853
List the prime factors of 16890926.
2, 13, 649651
List the prime factors of 17511015.
3, 5, 251, 4651
What are the prime factors of 792019?
29, 31, 881
What are the prime factors of 178244?
2, 11, 4051
What are the prime factors of 288289?
29, 9941
What are the prime factors of 190919?
71, 2689
What are the prime factors of 5233890?
2, 3, 5, 59, 2957
What are the prime factors of 2171349?
3, 241261
List the prime factors of 1940908.
2, 479, 1013
List the prime factors of 197964.
2, 3, 13, 47
What are the prime factors of 17524?
2, 13, 337
What are the prime factors of 209085?
3, 5, 53, 263
List the prime factors of 19379187.
3, 2153243
List the prime factors of 4517793.
3, 7, 71711
What are the prime factors of 3683320?
2, 5, 92083
What are the prime factors of 14808835?
5, 127, 23321
List the prime factors of 220575.
3, 5, 17, 173
What are the prime factors of 760912?
2, 19, 2503
List the prime factors of 69029.
69029
List the prime factors of 13912226.
2, 293, 23741
What are the prime factors of 9300256?
2, 7, 41519
What are the prime factors of 35851880?
2, 5, 896297
What are the prime factors of 7585692?
2, 3, 632141
What are the prime factors of 1575606?
2, 3, 31, 43, 197
List the prime factors of 63751.
37, 1723
List the prime factors of 10961031.
3, 1523, 2399
What are the prime factors of 23154521?
13, 19, 7211
What are the prime factors of 760875?
3, 5, 2029
What are the prime factors of 19842?
2, 3, 3307
List the prime factors of 34673.
34673
What are the prime factors of 636771?
3, 31, 41, 167
What are the prime factors of 3220228?
2, 11, 163, 449
What are the prime factors of 8375702?
2, 4187851
What are the prime factors of 535412?
2, 133853
List the prime factors of 2174388.
2, 3, 181199
List the prime factors of 7255255.
5, 7, 207293
What are the prime factors of 6513318?
2, 3, 7, 17231
List the prime factors of 4564011.
3, 1521337
What are the prime factors of 795459?
3, 7, 37879
What are the prime factors of 2586202?
2, 131, 9871
What are the prime factors of 179793?
3, 6659
What are the prime factors of 31949465?
5, 881, 7253
List the prime factors of 3074831.
67, 45893
What are the prime factors of 262739?
262739
List the prime factors of 411540.
2, 3, 5, 19
List the prime factors of 120794.
2, 60397
List the prime factors of 1391513.
967, 1439
List the prime factors of 1081353.
3, 7, 13, 17, 233
List the prime factors of 5000353.
61, 81973
What are the prime factors of 2868215?
5, 7, 23, 509
What are the prime factors of 2218043?
523, 4241
List the prime factors of 12628924.
2, 7, 11, 131, 313
What are the prime factors of 9889777?
2237, 4421
List the prime factors of 12406839.
3, 4135613
List the prime factors of 28009611.
3, 7, 148199
What are the prime factors of 1760544?
2, 3, 6113
List the prime factors of 129504.
2, 3, 19, 71
List the prime factors of 3433537.
3433537
List the prime factors of 82980.
2, 3, 5, 461
List the prime factors of 741559.
7, 13, 29, 281
List the prime factors of 16969622.
2, 19, 446569
List the prime factors of 324063.
3, 36007
List the prime factors of 166206.
2, 3, 27701
List the prime factors of 20737758.
2, 3, 941, 3673
List the prime factors of 318432.
2, 3, 31, 107
List the prime factors of 205824.
2, 3, 67
List the prime factors of 23635901.
367, 64403
What are the prime factors of 10371009?
3, 11, 29, 10837
What are the prime factors of 17527768?
2, 2190971
List the prime factors of 240318.
2, 3, 13, 79
List the prime factors of 4757742.
2, 3, 11, 24029
What are the prime factors of 1088859?
3, 362953
List the prime factors of 112411.
13, 8647
What are the prime factors of 6300316?
2, 11, 31, 149
What are the prime factors of 296241?
3, 11, 47, 191
List the prime factors of 10092572.
2, 7, 19, 61, 311
What are the prime factors of 77846?
2, 38923
What are the prime factors of 357998?
2, 19, 9421
What are the prime factors of 5653035?
3, 5, 269, 467
List the prime factors of 334090.
2, 5, 33409
What are the prime factors of 957753?
3, 106417
List the prime factors of 10805867.
1087, 9941
List the prime factors of 75431.
75431
What are the prime factors of 313725?
3, 5, 47, 89
What are the prime factors of 2636995?
5, 527399
What are the prime factors of 386800?
2, 5, 967
What are the prime factors of 322917?
3, 7, 15377
List the prime factors of 135851.
135851
List the prime factors of 58891.
7, 47, 179
List the prime factors of 192953.
157, 1229
List the prime factors of 283910.
2, 5, 11, 29, 89
What are the prime factors of 2555420?
2, 5, 7, 18253
List the prime factors of 8249013.
3, 193, 1583
List the prime factors of 363438.
2, 3, 61, 331
What are the prime factors of 24200396?
2, 11, 550009
List the prime factors of 409338.
2, 3, 22741
What are the prime factors of 54372?
2, 3, 23, 197
List the prime factors of 150098.
2, 13, 23, 251
What are the prime factors of 7712942?
2, 691, 5581
What are the prime factors of 18941?
13, 31, 47
List the prime factors of 958932.
2, 3, 13, 683
What are the prime factors of 3645320?
2, 5, 7, 47, 277
What are the prime factors of 4220291?
89, 47419
What are the prime factors of 3708381?
3, 139, 8893
What are the prime factors of 1833978?
2, 3, 305663
What are the prime factors of 5475928?
2, 479, 1429
List the prime factors of 140532.
2, 3, 7, 239
List the prime factors of 226716.
2, 3, 7, 2699
What are the prime factors of 585134?
2, 11, 26597
What are the prime factors of 89385?
3, 5, 59, 101
List the prime factors of 23727710.
2, 5, 31, 76541
List the prime factors of 731637.
3, 81293
List the prime factors of 486150.
2, 3, 5, 7, 463
What are the prime factors of 30553291?
30553291
What are the prime factors of 198912?
2, 3, 7, 37
List the prime factors of 7230203.
19, 443, 859
List the prime factors of 101800.
2, 5, 509
What are the prime factors of 4726397?
13, 363569
What are the prime factors of 6960671?
107, 65053
What are the prime factors of 32914727?
1699, 19373
What are the prime factors of 1530098?
2, 23, 29, 31, 37
What are the prime factors of 163904?
2, 13, 197
What are the prime factors of 112539?
3, 7, 23, 233
What are the prime factors of 28499?
28499
List the prime factors of 5351789.
811, 6599
List the prime factors of 739766.
2, 211, 1753
What are the prime factors of 6383502?
2, 3, 118213
What are the prime factors of 3942411?
3, 11, 193, 619
What are the prime factors of 6748481?
83, 81307
List the prime factors of 1654968.
2, 3, 7, 9851
List the prime factors of 13916390.
2, 5, 743, 1873
What are the prime factors of 4546579?
4546579
What are the prime factors of 358653?
3, 119551
What are the prime factors of 2987080?
2, 5, 53, 1409
What are the prime factors of 1951683?
3, 631, 1031
List the prime factors of 12781997.
23, 555739
List the prime factors of 8099085.
3, 5, 263, 2053
What are the prime factors of 249154?
2, 124577
What are the prime factors of 405079?
53, 7643
What are the prime factors of 245259?
3, 7, 17, 229
What are the prime factors of 374502?
2, 3, 62417
List the prime factors of 7552478.
2, 3776239
List the prime factors of 642069.
3, 71341
What are the prime factors of 3157440?
2, 3, 5, 11, 13, 23
List the prime factors of 6935828.
2, 947, 1831
List the prime factors of 1483668.
2, 3, 41213
List the prime factors of 15591536.
2, 127, 7673
List the prime factors of 1394868.
2, 3, 116239
What are the prime factors of 34137230?
2, 5, 3413723
List the prime factors of 153252.
2, 3, 11, 43
List the prime factors of 47902.
2, 43